{"id":29,"date":"2016-12-03T13:09:09","date_gmt":"2016-12-03T13:09:09","guid":{"rendered":"http:\/\/www.en.wbios.us.edu.pl\/?page_id=29"},"modified":"2019-08-27T09:34:43","modified_gmt":"2019-08-27T09:34:43","slug":"department-of-genetics","status":"publish","type":"page","link":"https:\/\/www.en.wbios.us.edu.pl\/?page_id=29","title":{"rendered":"Department of Genetics"},"content":{"rendered":"<p><img decoding=\"async\" class=\"aligncenter wp-image-203\" src=\"https:\/\/www.en.wbios.us.edu.pl\/wp-content\/uploads\/2016\/12\/logo_Genetyka1.png\" alt=\"logo_Genetyka1\" width=\"120\" srcset=\"https:\/\/www.en.wbios.us.edu.pl\/wp-content\/uploads\/2016\/12\/logo_Genetyka1.png 1190w, https:\/\/www.en.wbios.us.edu.pl\/wp-content\/uploads\/2016\/12\/logo_Genetyka1-208x300.png 208w, https:\/\/www.en.wbios.us.edu.pl\/wp-content\/uploads\/2016\/12\/logo_Genetyka1-768x1106.png 768w, https:\/\/www.en.wbios.us.edu.pl\/wp-content\/uploads\/2016\/12\/logo_Genetyka1-711x1024.png 711w\" sizes=\"(max-width: 1190px) 100vw, 1190px\" \/><strong>Staff:<\/strong><\/p>\n<ul>\n<li>Head of the Department:\n<ul>\n<li><span style=\"color: #339966;\"><span id='infopopup-link-111' class='infopopup-link' infopopup_tag='111'>Professor Iwona Szarejko<\/span><\/span><\/li>\n<\/ul>\n<\/li>\n<li>Academic Teachers:\n<ul>\n<li><span style=\"color: #339966;\"><span id='infopopup-link-112' class='infopopup-link' infopopup_tag='112'>Professor Ma\u0142gorzata D. Gaj<\/span><\/span><\/li>\n<li><span style=\"color: #339966;\"><span id='infopopup-link-115' class='infopopup-link' infopopup_tag='115'>Damian Gruszka, PhD, DSc<\/span><\/span><\/li>\n<li><span style=\"color: #339966;\"><span id='infopopup-link-113' class='infopopup-link' infopopup_tag='113'>Miros\u0142aw Kwa\u015bniewski, PhD, DSc<\/span><\/span><\/li>\n<li><span style=\"color: #339966;\"><span id='infopopup-link-114' class='infopopup-link' infopopup_tag='114'>Agata Daszkowska-Golec, PhD<\/span><\/span><\/li>\n<li><span style=\"color: #339966;\"><span id='infopopup-link-116' class='infopopup-link' infopopup_tag='116'>Justyna Guzy-Wr\u00f3blewska, PhD<\/span><\/span><\/li>\n<li><span style=\"color: #339966;\"><span id='infopopup-link-117' class='infopopup-link' infopopup_tag='117'>Agnieszka Janiak, PhD<\/span><\/span><\/li>\n<li><span style=\"color: #339966;\"><span id='infopopup-link-118' class='infopopup-link' infopopup_tag='118'>Marzena Kurowska, PhD<\/span><\/span><\/li>\n<li><span style=\"color: #339966;\"><span id='infopopup-link-119' class='infopopup-link' infopopup_tag='119'>Marek Marzec, PhD<\/span><\/span><\/li>\n<li><span style=\"color: #339966;\"><span id='infopopup-link-120' class='infopopup-link' infopopup_tag='120'>Katarzyna Nowak, PhD<\/span><\/span><\/li>\n<li><span style=\"color: #339966;\"><span id='infopopup-link-122' class='infopopup-link' infopopup_tag='122'>Miriam Szurman-Zubrzycka, PhD<\/span><\/span><\/li>\n<li><span style=\"color: #339966;\"><span id='infopopup-link-93' class='infopopup-link' infopopup_tag='93'>Anna W\u00f3jcik, PhD<\/span><\/span><\/li>\n<li><span style=\"color: #339966;\"><span id='infopopup-link-121' class='infopopup-link' infopopup_tag='121'>Barbara W\u00f3jcikowska, PhD<\/span><\/span><\/li>\n<li><span style=\"color: #339966;\"><span id='infopopup-link-123' class='infopopup-link' infopopup_tag='123'>Monika Gajecka, MSc<\/span><\/span><\/li>\n<\/ul>\n<\/li>\n<li>Technical Staff:\n<ul>\n<li><span style=\"color: #339966;\"><span id='infopopup-link-125' class='infopopup-link' infopopup_tag='125'>Beata Chmielewska, PhD<\/span><\/span><\/li>\n<li><span style=\"color: #339966;\"><span id='infopopup-link-126' class='infopopup-link' infopopup_tag='126'>Ma\u0142gorzata Nawrot, PhD<\/span><\/span><\/li>\n<li><span style=\"color: #339966;\"><span id='infopopup-link-127' class='infopopup-link' infopopup_tag='127'>Janusz Jelonek, MSc<\/span><\/span><\/li>\n<li><span style=\"color: #339966;\"><span id='infopopup-link-128' class='infopopup-link' infopopup_tag='128'>Agnieszka Kiwior-Weso\u0142owska, MSc<\/span><\/span><\/li>\n<li><span style=\"color: #339966;\"><span id='infopopup-link-129' class='infopopup-link' infopopup_tag='129'>Gra\u017cyna Skawi\u0144ska-Zydro\u0144, MSc<\/span><\/span><\/li>\n<li><span style=\"color: #339966;\"><span id='infopopup-link-132' class='infopopup-link' infopopup_tag='132'>Justyna Zbieszczyk<\/span><\/span><\/li>\n<\/ul>\n<\/li>\n<\/ul>\n<p><img loading=\"lazy\" decoding=\"async\" class=\"alignleft wp-image-550 size-full\" src=\"https:\/\/www.en.wbios.us.edu.pl\/wp-content\/uploads\/2019\/08\/genetyka2.jpg\" alt=\"\" width=\"960\" height=\"720\" srcset=\"https:\/\/www.en.wbios.us.edu.pl\/wp-content\/uploads\/2019\/08\/genetyka2.jpg 960w, https:\/\/www.en.wbios.us.edu.pl\/wp-content\/uploads\/2019\/08\/genetyka2-300x225.jpg 300w, https:\/\/www.en.wbios.us.edu.pl\/wp-content\/uploads\/2019\/08\/genetyka2-768x576.jpg 768w\" sizes=\"auto, (max-width: 960px) 100vw, 960px\" \/><\/p>\n<p><strong>Main field of research:<\/strong><\/p>\n<ul>\n<li>Identification and determining the role of genes involved in barley in the processes of:\n<ul>\n<li>root system development with the special emphasis on morphogenesis of root hairs<\/li>\n<li>metabolism of brassinosteroids and strigolactanest<\/li>\n<li>response to abiotic stresses, especially water deficit<\/li>\n<li>DNA repair<\/li>\n<\/ul>\n<\/li>\n<li>Dciphering the role of epigenetic modifications, especially DNA methylation, in the adaptation of plants to environmental stress conditions<\/li>\n<li>Analysis of genetic and epigenetic mechanisms engaged in plant regeneration <em>in vitro<\/em>:\n<ul>\n<li>identification of major genes controlling developmental plasticity of plant cells and elucidating their regulation at the transcriptional and post-transcriptional level in Arabidopsis<\/li>\n<li>determination of molecular and cytological processes related to the phenomenon of albinism during androgenesis in barley<\/li>\n<\/ul>\n<\/li>\n<\/ul>\n<p><strong>Unique resources of the Department:<\/strong><\/p>\n<ul>\n<li>TILLING platform in barley (DNA and seed bank of ca. 8000 M<sub>2<\/sub> plants and their progeny derived from chemical mutagenesis of spring cv. \u2018Sebastian; protocol for efficient screening for mutations in genes of interest)<\/li>\n<li>Collection of barley mutants including root hair mutants, semi-dwarf and dwarf forms, mutants with changed response to abiotic stresses, morphological traits etc.<\/li>\n<li>An automated, flood-and-drain based root phenotyping system for cereals<\/li>\n<\/ul>\n<p>&nbsp;<\/p>\n<p><strong>For students:<\/strong><\/p>\n<ul>\n<li>Erasmus +:\n<ul>\n<li><span style=\"color: #339966;\"><span id='infopopup-link-plant_micropropagation' class='infopopup-link' infopopup_tag='plant_micropropagation'>Plant Micropropagation<\/span><\/span><\/li>\n<li>Mutagenesis;<\/li>\n<li><span style=\"color: #339966;\"><span id='infopopup-link-seminar_genetics' class='infopopup-link' infopopup_tag='seminar_genetics'>Seminar - Department of Genetics<\/span><\/span><\/li>\n<\/ul>\n<\/li>\n<li>PhD studies on Advanced methods in biotechnology and biodiversity:\n<ul>\n<li>Plant functional genomics;<\/li>\n<li>Plant morphogenesis in vivo and in vitro;<\/li>\n<li>Practical bioinformatics.<\/li>\n<\/ul>\n<\/li>\n<\/ul>\n","protected":false},"excerpt":{"rendered":"<p>Staff: Head of the Department: Academic Teachers: Technical Staff: Main field of research: Identification and determining the role of genes involved in barley in the processes of: root system development with the special emphasis on morphogenesis of root hairs metabolism of brassinosteroids and strigolactanest response to abiotic stresses, especially water deficit DNA repair Dciphering the [&hellip;]<\/p>\n","protected":false},"author":1,"featured_media":0,"parent":0,"menu_order":0,"comment_status":"closed","ping_status":"closed","template":"","meta":{"site-sidebar-layout":"default","site-content-layout":"","ast-site-content-layout":"default","site-content-style":"default","site-sidebar-style":"default","ast-global-header-display":"","ast-banner-title-visibility":"","ast-main-header-display":"","ast-hfb-above-header-display":"","ast-hfb-below-header-display":"","ast-hfb-mobile-header-display":"","site-post-title":"","ast-breadcrumbs-content":"","ast-featured-img":"","footer-sml-layout":"","theme-transparent-header-meta":"","adv-header-id-meta":"","stick-header-meta":"","header-above-stick-meta":"","header-main-stick-meta":"","header-below-stick-meta":"","astra-migrate-meta-layouts":"default","ast-page-background-enabled":"default","ast-page-background-meta":{"desktop":{"background-color":"var(--ast-global-color-4)","background-image":"","background-repeat":"repeat","background-position":"center center","background-size":"auto","background-attachment":"scroll","background-type":"","background-media":"","overlay-type":"","overlay-color":"","overlay-opacity":"","overlay-gradient":""},"tablet":{"background-color":"","background-image":"","background-repeat":"repeat","background-position":"center center","background-size":"auto","background-attachment":"scroll","background-type":"","background-media":"","overlay-type":"","overlay-color":"","overlay-opacity":"","overlay-gradient":""},"mobile":{"background-color":"","background-image":"","background-repeat":"repeat","background-position":"center center","background-size":"auto","background-attachment":"scroll","background-type":"","background-media":"","overlay-type":"","overlay-color":"","overlay-opacity":"","overlay-gradient":""}},"ast-content-background-meta":{"desktop":{"background-color":"var(--ast-global-color-5)","background-image":"","background-repeat":"repeat","background-position":"center center","background-size":"auto","background-attachment":"scroll","background-type":"","background-media":"","overlay-type":"","overlay-color":"","overlay-opacity":"","overlay-gradient":""},"tablet":{"background-color":"var(--ast-global-color-5)","background-image":"","background-repeat":"repeat","background-position":"center center","background-size":"auto","background-attachment":"scroll","background-type":"","background-media":"","overlay-type":"","overlay-color":"","overlay-opacity":"","overlay-gradient":""},"mobile":{"background-color":"var(--ast-global-color-5)","background-image":"","background-repeat":"repeat","background-position":"center center","background-size":"auto","background-attachment":"scroll","background-type":"","background-media":"","overlay-type":"","overlay-color":"","overlay-opacity":"","overlay-gradient":""}},"footnotes":""},"class_list":["post-29","page","type-page","status-publish","hentry"],"_links":{"self":[{"href":"https:\/\/www.en.wbios.us.edu.pl\/index.php?rest_route=\/wp\/v2\/pages\/29","targetHints":{"allow":["GET"]}}],"collection":[{"href":"https:\/\/www.en.wbios.us.edu.pl\/index.php?rest_route=\/wp\/v2\/pages"}],"about":[{"href":"https:\/\/www.en.wbios.us.edu.pl\/index.php?rest_route=\/wp\/v2\/types\/page"}],"author":[{"embeddable":true,"href":"https:\/\/www.en.wbios.us.edu.pl\/index.php?rest_route=\/wp\/v2\/users\/1"}],"replies":[{"embeddable":true,"href":"https:\/\/www.en.wbios.us.edu.pl\/index.php?rest_route=%2Fwp%2Fv2%2Fcomments&post=29"}],"version-history":[{"count":11,"href":"https:\/\/www.en.wbios.us.edu.pl\/index.php?rest_route=\/wp\/v2\/pages\/29\/revisions"}],"predecessor-version":[{"id":551,"href":"https:\/\/www.en.wbios.us.edu.pl\/index.php?rest_route=\/wp\/v2\/pages\/29\/revisions\/551"}],"wp:attachment":[{"href":"https:\/\/www.en.wbios.us.edu.pl\/index.php?rest_route=%2Fwp%2Fv2%2Fmedia&parent=29"}],"curies":[{"name":"wp","href":"https:\/\/api.w.org\/{rel}","templated":true}]}}